{"id":805,"date":"2018-06-23T16:22:21","date_gmt":"2018-06-23T14:22:21","guid":{"rendered":"https:\/\/tmarecicla.com\/calidad-y-medio-ambiente\/"},"modified":"2025-07-11T10:48:15","modified_gmt":"2025-07-11T08:48:15","slug":"calidad-y-medio-ambiente","status":"publish","type":"page","link":"https:\/\/tmarecicla.com\/en\/calidad-y-medio-ambiente\/","title":{"rendered":"Quality, management and environment"},"content":{"rendered":"<div class=\"wpb-content-wrapper\"><p>[vc_row row_type=&#8221;row&#8221; use_row_as_full_screen_section=&#8221;no&#8221; type=&#8221;full_width&#8221; text_align=&#8221;left&#8221; background_animation=&#8221;none&#8221; css_animation=&#8221;&#8221;][vc_column][vc_column_text][\/vc_column_text][\/vc_column][\/vc_row][vc_row row_type=&#8221;row&#8221; use_row_as_full_screen_section=&#8221;no&#8221; type=&#8221;full_width&#8221; text_align=&#8221;left&#8221; background_animation=&#8221;none&#8221; css_animation=&#8221;&#8221;][vc_column offset=&#8221;vc_hidden-xs&#8221;][rev_slider_vc alias=&#8221;calidad-en&#8221;][\/vc_column][\/vc_row][vc_row row_type=&#8221;row&#8221; use_row_as_full_screen_section=&#8221;no&#8221; type=&#8221;full_width&#8221; text_align=&#8221;left&#8221; background_animation=&#8221;none&#8221; css_animation=&#8221;&#8221;][vc_column offset=&#8221;vc_hidden-lg vc_hidden-md vc_hidden-sm&#8221;][vc_single_image image=&#8221;408&#8243; img_size=&#8221;full&#8221; alignment=&#8221;center&#8221; qode_css_animation=&#8221;&#8221;][\/vc_column][\/vc_row][vc_row row_type=&#8221;row&#8221; use_row_as_full_screen_section=&#8221;no&#8221; type=&#8221;full_width&#8221; text_align=&#8221;left&#8221; background_animation=&#8221;none&#8221; css_animation=&#8221;&#8221;][vc_column offset=&#8221;vc_hidden-md vc_hidden-sm vc_hidden-xs&#8221;][vc_empty_space height=&#8221;50px&#8221;][\/vc_column][\/vc_row][vc_row row_type=&#8221;row&#8221; use_row_as_full_screen_section=&#8221;no&#8221; type=&#8221;grid&#8221; text_align=&#8221;left&#8221; background_animation=&#8221;none&#8221; css_animation=&#8221;&#8221;][vc_column][vc_empty_space height=&#8221;45px&#8221;][vc_column_text css=&#8221;.vc_custom_1541671952587{padding-right: 15px !important;padding-left: 15px !important;}&#8221;]<\/p>\n<h2>Quality, management and environment<\/h2>\n<p>\u00b7\u00b7\u00b7\u00b7\u00b7\u00b7\u00b7\u00b7\u00b7\u00b7\u00b7\u00b7\u00b7\u00b7\u00b7\u00b7\u00b7\u00b7\u00b7\u00b7\u00b7\u00b7\u00b7\u00b7\u00b7\u00b7\u00b7\u00b7\u00b7\u00b7\u00b7\u00b7\u00b7\u00b7\u00b7\u00b7\u00b7\u00b7\u00b7\u00b7\u00b7\u00b7\u00b7\u00b7\u00b7\u00b7\u00b7[\/vc_column_text][vc_column_text css=&#8221;.vc_custom_1541671981579{padding-right: 15px !important;padding-left: 15px !important;}&#8221;]TM Alcudia Reciclatges specialises in the collection and treatment of glass coming from selected containers.[\/vc_column_text][vc_column_text css=&#8221;.vc_custom_1694005623603{margin-top: 20px !important;padding-right: 15px !important;padding-left: 15px !important;}&#8221;]This is an industrial waste recycling activity, both urban and industrial, unique in Mallorca, and therefore especially beneficial for the environment.[\/vc_column_text][vc_column_text css=&#8221;.vc_custom_1694005715163{margin-top: 20px !important;padding-right: 15px !important;padding-left: 15px !important;}&#8221;]In order with our values, we aim to continually improve in the management of Quality, Environment and Safety, in the provision of our services, the performance of our process and the operation of our facilities, promoting behavior and a commitment related to protection. , respect and conservation, both of the environment and the health of all staff.[\/vc_column_text][vc_empty_space][\/vc_column][\/vc_row][vc_row row_type=&#8221;row&#8221; use_row_as_full_screen_section=&#8221;no&#8221; type=&#8221;grid&#8221; text_align=&#8221;right&#8221; background_animation=&#8221;none&#8221; css_animation=&#8221;&#8221;][vc_column][vc_separator type=&#8221;full_width&#8221; border_style=&#8221;dashed&#8221;][\/vc_column][\/vc_row][vc_row row_type=&#8221;row&#8221; use_row_as_full_screen_section=&#8221;no&#8221; type=&#8221;full_width&#8221; text_align=&#8221;left&#8221; background_animation=&#8221;none&#8221; css_animation=&#8221;&#8221; css=&#8221;.vc_custom_1529767081639{background-color: #f3f4f0 !important;}&#8221;][vc_column][vc_empty_space][vc_row_inner row_type=&#8221;row&#8221; type=&#8221;grid&#8221; use_row_as_full_screen_section_slide=&#8221;no&#8221; text_align=&#8221;left&#8221; css_animation=&#8221;&#8221;][vc_column_inner][vc_column_text css=&#8221;.vc_custom_1694005499722{padding-right: 15px !important;padding-left: 15px !important;background-color: #f3f4f0 !important;}&#8221;]<strong>This strategic commitment is based on seven fundamental pillars:<\/strong><br \/>\n<i class=\"fa fa-check\" aria-hidden=\"true\"><\/i>The permanent orientation towards <strong>satisfying the needs and expectations of interested parties<\/strong> and achieving their trust. To achieve this, we offer a quality service that complies in all its areas, and especially in recycling, with environmental legislative requirements, both regional, state and European.<\/p>\n<hr \/>\n<p><i class=\"fa fa-check\" aria-hidden=\"true\"><\/i>Active <strong>respect for the environment<\/strong> in accordance with our Policy, preventing pollution, correctly managing the waste generated and optimizing the consumption of natural resources derived from the activity.<\/p>\n<hr \/>\n<p><i class=\"fa fa-check\" aria-hidden=\"true\"><\/i><strong>Continuous and updated awareness and training<\/strong> of our staff. Paying special interest in relation to the safety and health of workers. Paying attention to knowledge of new technologies and demands, both legal and market.<\/p>\n<hr \/>\n<p><i class=\"fa fa-check\" aria-hidden=\"true\"><\/i>Encouraging the <strong>participation of all employees<\/strong> by making the entire organization aware of safety at work, good environmental performance and compliance with all requirements constitutes a common responsibility of all the company&#8217;s workers.<\/p>\n<hr \/>\n<p><i class=\"fa fa-check\" aria-hidden=\"true\"><\/i>Provide <strong>safe and healthy working conditions<\/strong> for the prevention of work-related injuries and health impairment. All accidents and incidents must be avoided, allocating all necessary resources for them.<\/p>\n<hr \/>\n<p><i class=\"fa fa-check\" aria-hidden=\"true\"><\/i><strong>Compliance with all legislation<\/strong>, generic and specific, that applies to the development of our activity and other requirements.<\/p>\n<hr \/>\n<p><i class=\"fa fa-check\" aria-hidden=\"true\"><\/i>Use the process risk <strong>assessment methodology to eliminate dangers<\/strong> and prevent possible deviations or non-conformities of the system.<\/p>\n<hr \/>\n<p><em>This Policy statement is available to our clients, staff, suppliers, Public Administrations and the general public.<\/em><\/p>\n<hr \/>\n<p>Bunyola, May 12, 2023[\/vc_column_text][vc_empty_space][vc_column_text]<\/p>\n<p>The management.<\/p>\n<p>[\/vc_column_text][vc_empty_space][\/vc_column_inner][\/vc_row_inner][\/vc_column][\/vc_row][vc_row row_type=&#8221;row&#8221; use_row_as_full_screen_section=&#8221;no&#8221; type=&#8221;grid&#8221; text_align=&#8221;right&#8221; background_animation=&#8221;none&#8221; css_animation=&#8221;&#8221;][vc_column][vc_empty_space height=&#8221;50px&#8221;][\/vc_column][\/vc_row][vc_row row_type=&#8221;row&#8221; use_row_as_full_screen_section=&#8221;no&#8221; type=&#8221;grid&#8221; text_align=&#8221;left&#8221; background_animation=&#8221;none&#8221; css_animation=&#8221;&#8221;][vc_column][vc_column_text]Download certificates:<\/p>\n<p><a href=\"https:\/\/tmarecicla.com\/wp-content\/uploads\/2024\/06\/TMARECICLA-9001.pdf\" target=\"_blank\" rel=\"noopener\"><img loading=\"lazy\" decoding=\"async\" class=\"alignnone wp-image-601 size-full\" src=\"https:\/\/tmarecicla.com\/wp-content\/uploads\/2024\/06\/9001.png\" alt=\"\" width=\"300\" height=\"151\" \/><\/a><\/p>\n<p><a href=\"https:\/\/tmarecicla.com\/wp-content\/uploads\/2024\/06\/TMARECICLA-14001.pdf\" target=\"_blank\" rel=\"noopener\"><img loading=\"lazy\" decoding=\"async\" class=\"alignnone wp-image-602 size-full\" src=\"https:\/\/tmarecicla.com\/wp-content\/uploads\/2024\/06\/14001.png\" alt=\"\" width=\"300\" height=\"151\" \/><\/a><\/p>\n<p>&nbsp;<\/p>\n<p>[\/vc_column_text][\/vc_column][\/vc_row][vc_row row_type=&#8221;row&#8221; use_row_as_full_screen_section=&#8221;no&#8221; type=&#8221;full_width&#8221; text_align=&#8221;left&#8221; background_animation=&#8221;none&#8221; css_animation=&#8221;&#8221;][vc_column][\/vc_column][\/vc_row][vc_row row_type=&#8221;row&#8221; use_row_as_full_screen_section=&#8221;no&#8221; type=&#8221;full_width&#8221; text_align=&#8221;left&#8221; background_animation=&#8221;none&#8221; css_animation=&#8221;&#8221;][vc_column][vc_column_text][\/vc_column_text][\/vc_column][\/vc_row][vc_row row_type=&#8221;row&#8221; use_row_as_full_screen_section=&#8221;no&#8221; type=&#8221;grid&#8221; text_align=&#8221;left&#8221; background_color=&#8221;#ffffff&#8221; background_animation=&#8221;none&#8221; css_animation=&#8221;&#8221; css=&#8221;.vc_custom_1721222749546{padding-top: 50px !important;padding-bottom: 50px !important;}&#8221;][vc_column][vc_single_image image=&#8221;634&#8243; img_size=&#8221;full&#8221; alignment=&#8221;center&#8221; qode_css_animation=&#8221;&#8221;][vc_column_text css=&#8221;.vc_custom_1721222705957{padding-top: 50px !important;}&#8221;]El proyecto \u201cMejora en la gesti\u00f3n de residuos de vidrio encaminado a conseguir una materia prima para la fabricaci\u00f3n de envases de vidrio blanco que sustituya a la arena de s\u00edlice\u201d es beneficiario de la convocatoria de subvenciones para el impulso de la econom\u00eda circular en la empresa para el a\u00f1o 2022 del Ministerio para la Transici\u00f3n Ecol\u00f3gica y el Reto Demogr\u00e1fico (MITECO) en el marco del Plan de Recuperaci\u00f3n, Transformaci\u00f3n y Resiliencia (PRTR) financiado por la Uni\u00f3n Europea \u2013 NextGenerationEU\u201d.<\/p>\n<p>\u201cLas opiniones y documentaci\u00f3n aportadas en esta publicaci\u00f3n son de exclusiva responsabilidad del autor o autores de los mismos, y no reflejan necesariamente los puntos de vista de las entidades que apoyan econ\u00f3micamente el proyecto\u201d.[\/vc_column_text][\/vc_column][\/vc_row][vc_row row_type=&#8221;row&#8221; use_row_as_full_screen_section=&#8221;no&#8221; type=&#8221;grid&#8221; text_align=&#8221;left&#8221; background_color=&#8221;#ffffff&#8221; background_animation=&#8221;none&#8221; css_animation=&#8221;&#8221; css=&#8221;.vc_custom_1752153378911{padding-top: 50px !important;padding-bottom: 50px !important;background-color: #F4F6F5 !important;}&#8221;][vc_column][vc_single_image image=&#8221;779&#8243; img_size=&#8221;full&#8221; alignment=&#8221;center&#8221; css=&#8221;.vc_custom_1752153482507{padding-bottom: 30px !important;}&#8221; qode_css_animation=&#8221;&#8221;][vc_column_text]TMA Recicla en su compromiso en la lucha del cambio clim\u00e1tico, la mejora de la sostenibilidad y el desarrollo de un reciclaje mas responsable ha implementado diversas actuaciones para la reducci\u00f3n del consumo de energ\u00eda y de las emisiones asociados a la actividad recicladora. Estas actuaciones han sido beneficiarias de una subvenci\u00f3n en l\u00ednea de Ayudas minimis para la concesi\u00f3n de subvenciones para financiar proyectos de mejora de la eficiencia energ\u00e9tica y econom\u00eda circular a establecimientos recicladores, en el marco del Plan de Recuperaci\u00f3n, Transformaci\u00f3n y Resiliencia, financiado por la Uni\u00f3n Europea Next Generation EU.[\/vc_column_text][\/vc_column][\/vc_row]<\/p>\n<\/div>","protected":false},"excerpt":{"rendered":"<p>[vc_row row_type=&#8221;row&#8221; use_row_as_full_screen_section=&#8221;no&#8221; type=&#8221;full_width&#8221; text_align=&#8221;left&#8221; background_animation=&#8221;none&#8221; css_animation=&#8221;&#8221;][vc_column][vc_column_text][\/vc_column_text][\/vc_column][\/vc_row][vc_row row_type=&#8221;row&#8221; use_row_as_full_screen_section=&#8221;no&#8221; type=&#8221;full_width&#8221; text_align=&#8221;left&#8221; background_animation=&#8221;none&#8221; css_animation=&#8221;&#8221;][vc_column offset=&#8221;vc_hidden-xs&#8221;][rev_slider_vc alias=&#8221;calidad-en&#8221;][\/vc_column][\/vc_row][vc_row row_type=&#8221;row&#8221; use_row_as_full_screen_section=&#8221;no&#8221; type=&#8221;full_width&#8221; text_align=&#8221;left&#8221; background_animation=&#8221;none&#8221; css_animation=&#8221;&#8221;][vc_column offset=&#8221;vc_hidden-lg vc_hidden-md vc_hidden-sm&#8221;][vc_single_image image=&#8221;408&#8243; img_size=&#8221;full&#8221; alignment=&#8221;center&#8221; qode_css_animation=&#8221;&#8221;][\/vc_column][\/vc_row][vc_row row_type=&#8221;row&#8221; use_row_as_full_screen_section=&#8221;no&#8221; type=&#8221;full_width&#8221; text_align=&#8221;left&#8221; background_animation=&#8221;none&#8221; css_animation=&#8221;&#8221;][vc_column offset=&#8221;vc_hidden-md vc_hidden-sm vc_hidden-xs&#8221;][vc_empty_space height=&#8221;50px&#8221;][\/vc_column][\/vc_row][vc_row row_type=&#8221;row&#8221; use_row_as_full_screen_section=&#8221;no&#8221; type=&#8221;grid&#8221; text_align=&#8221;left&#8221; background_animation=&#8221;none&#8221; css_animation=&#8221;&#8221;][vc_column][vc_empty_space height=&#8221;45px&#8221;][vc_column_text&#8230;<\/p>\n","protected":false},"author":1,"featured_media":0,"parent":0,"menu_order":0,"comment_status":"closed","ping_status":"closed","template":"full_width.php","meta":{"footnotes":""},"class_list":["post-805","page","type-page","status-publish","hentry"],"_links":{"self":[{"href":"https:\/\/tmarecicla.com\/en\/wp-json\/wp\/v2\/pages\/805","targetHints":{"allow":["GET"]}}],"collection":[{"href":"https:\/\/tmarecicla.com\/en\/wp-json\/wp\/v2\/pages"}],"about":[{"href":"https:\/\/tmarecicla.com\/en\/wp-json\/wp\/v2\/types\/page"}],"author":[{"embeddable":true,"href":"https:\/\/tmarecicla.com\/en\/wp-json\/wp\/v2\/users\/1"}],"replies":[{"embeddable":true,"href":"https:\/\/tmarecicla.com\/en\/wp-json\/wp\/v2\/comments?post=805"}],"version-history":[{"count":2,"href":"https:\/\/tmarecicla.com\/en\/wp-json\/wp\/v2\/pages\/805\/revisions"}],"predecessor-version":[{"id":807,"href":"https:\/\/tmarecicla.com\/en\/wp-json\/wp\/v2\/pages\/805\/revisions\/807"}],"wp:attachment":[{"href":"https:\/\/tmarecicla.com\/en\/wp-json\/wp\/v2\/media?parent=805"}],"curies":[{"name":"wp","href":"https:\/\/api.w.org\/{rel}","templated":true}]}}

<div class="wpb-content-wrapper"><p>[vc_row row_type=&#8221;row&#8221; use_row_as_full_screen_section=&#8221;no&#8221; type=&#8221;full_width&#8221; text_align=&#8221;left&#8221; background_animation=&#8221;none&#8221; css_animation=&#8221;&#8221;][vc_column][vc_column_text][/vc_column_text][/vc_column][/vc_row][vc_row row_type=&#8221;row&#8221; use_row_as_full_screen_section=&#8221;no&#8221; type=&#8221;full_width&#8221; text_align=&#8221;left&#8221; background_animation=&#8221;none&#8221; css_animation=&#8221;&#8221;][vc_column offset=&#8221;vc_hidden-xs&#8221;][rev_slider_vc alias=&#8221;calidad-en&#8221;][/vc_column][/vc_row][vc_row row_type=&#8221;row&#8221; use_row_as_full_screen_section=&#8221;no&#8221; type=&#8221;full_width&#8221; text_align=&#8221;left&#8221; background_animation=&#8221;none&#8221; css_animation=&#8221;&#8221;][vc_column offset=&#8221;vc_hidden-lg vc_hidden-md vc_hidden-sm&#8221;][vc_single_image image=&#8221;408&#8243; img_size=&#8221;full&#8221; alignment=&#8221;center&#8221; qode_css_animation=&#8221;&#8221;][/vc_column][/vc_row][vc_row row_type=&#8221;row&#8221; use_row_as_full_screen_section=&#8221;no&#8221; type=&#8221;full_width&#8221; text_align=&#8221;left&#8221; background_animation=&#8221;none&#8221; css_animation=&#8221;&#8221;][vc_column offset=&#8221;vc_hidden-md vc_hidden-sm vc_hidden-xs&#8221;][vc_empty_space height=&#8221;50px&#8221;][/vc_column][/vc_row][vc_row row_type=&#8221;row&#8221; use_row_as_full_screen_section=&#8221;no&#8221; type=&#8221;grid&#8221; text_align=&#8221;left&#8221; background_animation=&#8221;none&#8221; css_animation=&#8221;&#8221;][vc_column][vc_empty_space height=&#8221;45px&#8221;][vc_column_text css=&#8221;.vc_custom_1541671952587{padding-right: 15px !important;padding-left: 15px !important;}&#8221;]</p>
<h2>Quality, management and environment</h2>
<p>···············································[/vc_column_text][vc_column_text css=&#8221;.vc_custom_1541671981579{padding-right: 15px !important;padding-left: 15px !important;}&#8221;]TM Alcudia Reciclatges specialises in the collection and treatment of glass coming from selected containers.[/vc_column_text][vc_column_text css=&#8221;.vc_custom_1694005623603{margin-top: 20px !important;padding-right: 15px !important;padding-left: 15px !important;}&#8221;]This is an industrial waste recycling activity, both urban and industrial, unique in Mallorca, and therefore especially beneficial for the environment.[/vc_column_text][vc_column_text css=&#8221;.vc_custom_1694005715163{margin-top: 20px !important;padding-right: 15px !important;padding-left: 15px !important;}&#8221;]In order with our values, we aim to continually improve in the management of Quality, Environment and Safety, in the provision of our services, the performance of our process and the operation of our facilities, promoting behavior and a commitment related to protection. , respect and conservation, both of the environment and the health of all staff.[/vc_column_text][vc_empty_space][/vc_column][/vc_row][vc_row row_type=&#8221;row&#8221; use_row_as_full_screen_section=&#8221;no&#8221; type=&#8221;grid&#8221; text_align=&#8221;right&#8221; background_animation=&#8221;none&#8221; css_animation=&#8221;&#8221;][vc_column][vc_separator type=&#8221;full_width&#8221; border_style=&#8221;dashed&#8221;][/vc_column][/vc_row][vc_row row_type=&#8221;row&#8221; use_row_as_full_screen_section=&#8221;no&#8221; type=&#8221;full_width&#8221; text_align=&#8221;left&#8221; background_animation=&#8221;none&#8221; css_animation=&#8221;&#8221; css=&#8221;.vc_custom_1529767081639{background-color: #f3f4f0 !important;}&#8221;][vc_column][vc_empty_space][vc_row_inner row_type=&#8221;row&#8221; type=&#8221;grid&#8221; use_row_as_full_screen_section_slide=&#8221;no&#8221; text_align=&#8221;left&#8221; css_animation=&#8221;&#8221;][vc_column_inner][vc_column_text css=&#8221;.vc_custom_1694005499722{padding-right: 15px !important;padding-left: 15px !important;background-color: #f3f4f0 !important;}&#8221;]<strong>This strategic commitment is based on seven fundamental pillars:</strong><br />
<i class="fa fa-check" aria-hidden="true"></i>The permanent orientation towards <strong>satisfying the needs and expectations of interested parties</strong> and achieving their trust. To achieve this, we offer a quality service that complies in all its areas, and especially in recycling, with environmental legislative requirements, both regional, state and European.</p>
<hr />
<p><i class="fa fa-check" aria-hidden="true"></i>Active <strong>respect for the environment</strong> in accordance with our Policy, preventing pollution, correctly managing the waste generated and optimizing the consumption of natural resources derived from the activity.</p>
<hr />
<p><i class="fa fa-check" aria-hidden="true"></i><strong>Continuous and updated awareness and training</strong> of our staff. Paying special interest in relation to the safety and health of workers. Paying attention to knowledge of new technologies and demands, both legal and market.</p>
<hr />
<p><i class="fa fa-check" aria-hidden="true"></i>Encouraging the <strong>participation of all employees</strong> by making the entire organization aware of safety at work, good environmental performance and compliance with all requirements constitutes a common responsibility of all the company&#8217;s workers.</p>
<hr />
<p><i class="fa fa-check" aria-hidden="true"></i>Provide <strong>safe and healthy working conditions</strong> for the prevention of work-related injuries and health impairment. All accidents and incidents must be avoided, allocating all necessary resources for them.</p>
<hr />
<p><i class="fa fa-check" aria-hidden="true"></i><strong>Compliance with all legislation</strong>, generic and specific, that applies to the development of our activity and other requirements.</p>
<hr />
<p><i class="fa fa-check" aria-hidden="true"></i>Use the process risk <strong>assessment methodology to eliminate dangers</strong> and prevent possible deviations or non-conformities of the system.</p>
<hr />
<p><em>This Policy statement is available to our clients, staff, suppliers, Public Administrations and the general public.</em></p>
<hr />
<p>Bunyola, May 12, 2023[/vc_column_text][vc_empty_space][vc_column_text]</p>
<p>The management.</p>
<p>[/vc_column_text][vc_empty_space][/vc_column_inner][/vc_row_inner][/vc_column][/vc_row][vc_row row_type=&#8221;row&#8221; use_row_as_full_screen_section=&#8221;no&#8221; type=&#8221;grid&#8221; text_align=&#8221;right&#8221; background_animation=&#8221;none&#8221; css_animation=&#8221;&#8221;][vc_column][vc_empty_space height=&#8221;50px&#8221;][/vc_column][/vc_row][vc_row row_type=&#8221;row&#8221; use_row_as_full_screen_section=&#8221;no&#8221; type=&#8221;grid&#8221; text_align=&#8221;left&#8221; background_animation=&#8221;none&#8221; css_animation=&#8221;&#8221;][vc_column][vc_column_text]Download certificates:</p>
<p><a href="https://tmarecicla.com/wp-content/uploads/2024/06/TMARECICLA-9001.pdf" target="_blank" rel="noopener"><img loading="lazy" decoding="async" class="alignnone wp-image-601 size-full" src="https://tmarecicla.com/wp-content/uploads/2024/06/9001.png" alt="" width="300" height="151" /></a></p>
<p><a href="https://tmarecicla.com/wp-content/uploads/2024/06/TMARECICLA-14001.pdf" target="_blank" rel="noopener"><img loading="lazy" decoding="async" class="alignnone wp-image-602 size-full" src="https://tmarecicla.com/wp-content/uploads/2024/06/14001.png" alt="" width="300" height="151" /></a></p>
<p>&nbsp;</p>
<p>[/vc_column_text][/vc_column][/vc_row][vc_row row_type=&#8221;row&#8221; use_row_as_full_screen_section=&#8221;no&#8221; type=&#8221;full_width&#8221; text_align=&#8221;left&#8221; background_animation=&#8221;none&#8221; css_animation=&#8221;&#8221;][vc_column][/vc_column][/vc_row][vc_row row_type=&#8221;row&#8221; use_row_as_full_screen_section=&#8221;no&#8221; type=&#8221;full_width&#8221; text_align=&#8221;left&#8221; background_animation=&#8221;none&#8221; css_animation=&#8221;&#8221;][vc_column][vc_column_text][/vc_column_text][/vc_column][/vc_row][vc_row row_type=&#8221;row&#8221; use_row_as_full_screen_section=&#8221;no&#8221; type=&#8221;grid&#8221; text_align=&#8221;left&#8221; background_color=&#8221;#ffffff&#8221; background_animation=&#8221;none&#8221; css_animation=&#8221;&#8221; css=&#8221;.vc_custom_1721222749546{padding-top: 50px !important;padding-bottom: 50px !important;}&#8221;][vc_column][vc_single_image image=&#8221;634&#8243; img_size=&#8221;full&#8221; alignment=&#8221;center&#8221; qode_css_animation=&#8221;&#8221;][vc_column_text css=&#8221;.vc_custom_1721222705957{padding-top: 50px !important;}&#8221;]El proyecto “Mejora en la gestión de residuos de vidrio encaminado a conseguir una materia prima para la fabricación de envases de vidrio blanco que sustituya a la arena de sílice” es beneficiario de la convocatoria de subvenciones para el impulso de la economía circular en la empresa para el año 2022 del Ministerio para la Transición Ecológica y el Reto Demográfico (MITECO) en el marco del Plan de Recuperación, Transformación y Resiliencia (PRTR) financiado por la Unión Europea – NextGenerationEU”.</p>
<p>“Las opiniones y documentación aportadas en esta publicación son de exclusiva responsabilidad del autor o autores de los mismos, y no reflejan necesariamente los puntos de vista de las entidades que apoyan económicamente el proyecto”.[/vc_column_text][/vc_column][/vc_row][vc_row row_type=&#8221;row&#8221; use_row_as_full_screen_section=&#8221;no&#8221; type=&#8221;grid&#8221; text_align=&#8221;left&#8221; background_color=&#8221;#ffffff&#8221; background_animation=&#8221;none&#8221; css_animation=&#8221;&#8221; css=&#8221;.vc_custom_1752153378911{padding-top: 50px !important;padding-bottom: 50px !important;background-color: #F4F6F5 !important;}&#8221;][vc_column][vc_single_image image=&#8221;779&#8243; img_size=&#8221;full&#8221; alignment=&#8221;center&#8221; css=&#8221;.vc_custom_1752153482507{padding-bottom: 30px !important;}&#8221; qode_css_animation=&#8221;&#8221;][vc_column_text]TMA Recicla en su compromiso en la lucha del cambio climático, la mejora de la sostenibilidad y el desarrollo de un reciclaje mas responsable ha implementado diversas actuaciones para la reducción del consumo de energía y de las emisiones asociados a la actividad recicladora. Estas actuaciones han sido beneficiarias de una subvención en línea de Ayudas minimis para la concesión de subvenciones para financiar proyectos de mejora de la eficiencia energética y economía circular a establecimientos recicladores, en el marco del Plan de Recuperación, Transformación y Resiliencia, financiado por la Unión Europea Next Generation EU.[/vc_column_text][/vc_column][/vc_row]</p>
</div>
