{"id":814,"date":"2018-10-05T16:06:49","date_gmt":"2018-10-05T14:06:49","guid":{"rendered":"https:\/\/tmarecicla.com\/reciclaje-de-vidrio\/"},"modified":"2025-07-11T10:56:26","modified_gmt":"2025-07-11T08:56:26","slug":"reciclaje-de-vidrio","status":"publish","type":"page","link":"https:\/\/tmarecicla.com\/en\/reciclaje-de-vidrio\/","title":{"rendered":"Glass recycling"},"content":{"rendered":"<div class=\"wpb-content-wrapper\"><p>[vc_row row_type=&#8221;row&#8221; use_row_as_full_screen_section=&#8221;no&#8221; type=&#8221;full_width&#8221; text_align=&#8221;left&#8221; background_animation=&#8221;none&#8221; css_animation=&#8221;&#8221;][vc_column offset=&#8221;vc_hidden-xs&#8221;][rev_slider_vc alias=&#8221;reciclaje-vidrio-en&#8221;][\/vc_column][\/vc_row][vc_row row_type=&#8221;row&#8221; use_row_as_full_screen_section=&#8221;no&#8221; type=&#8221;full_width&#8221; text_align=&#8221;left&#8221; background_animation=&#8221;none&#8221; css_animation=&#8221;&#8221; css=&#8221;.vc_custom_1537275008773{margin-top: -60px !important;}&#8221;][vc_column offset=&#8221;vc_hidden-lg vc_hidden-md vc_hidden-sm&#8221;][vc_single_image image=&#8221;474&#8243; img_size=&#8221;full&#8221; alignment=&#8221;center&#8221; qode_css_animation=&#8221;&#8221;][\/vc_column][\/vc_row][vc_row row_type=&#8221;row&#8221; use_row_as_full_screen_section=&#8221;no&#8221; type=&#8221;full_width&#8221; text_align=&#8221;left&#8221; background_animation=&#8221;none&#8221; css_animation=&#8221;&#8221;][vc_column offset=&#8221;vc_hidden-md vc_hidden-sm vc_hidden-xs&#8221;][vc_empty_space height=&#8221;50px&#8221;][\/vc_column][\/vc_row][vc_row row_type=&#8221;row&#8221; use_row_as_full_screen_section=&#8221;no&#8221; type=&#8221;grid&#8221; text_align=&#8221;left&#8221; background_animation=&#8221;none&#8221; css_animation=&#8221;&#8221;][vc_column][vc_empty_space height=&#8221;45px&#8221;][vc_column_text css=&#8221;.vc_custom_1541589048926{padding-right: 15px !important;padding-left: 15px !important;}&#8221;]<\/p>\n<h2>Glass recycling<\/h2>\n<p>\u00b7\u00b7\u00b7\u00b7\u00b7\u00b7\u00b7\u00b7\u00b7\u00b7\u00b7\u00b7\u00b7\u00b7\u00b7\u00b7\u00b7\u00b7\u00b7\u00b7\u00b7\u00b7\u00b7\u00b7\u00b7\u00b7\u00b7\u00b7\u00b7\u00b7\u00b7\u00b7\u00b7\u00b7\u00b7\u00b7\u00b7\u00b7\u00b7\u00b7\u00b7\u00b7\u00b7\u00b7\u00b7\u00b7\u00b7[\/vc_column_text][\/vc_column][\/vc_row][vc_row row_type=&#8221;row&#8221; use_row_as_full_screen_section=&#8221;no&#8221; type=&#8221;full_width&#8221; text_align=&#8221;left&#8221; background_animation=&#8221;none&#8221; css_animation=&#8221;&#8221; css=&#8221;.vc_custom_1529767081639{background-color: #f3f4f0 !important;}&#8221;][vc_column][vc_empty_space][vc_row_inner row_type=&#8221;row&#8221; type=&#8221;grid&#8221; use_row_as_full_screen_section_slide=&#8221;no&#8221; text_align=&#8221;left&#8221; css_animation=&#8221;&#8221;][vc_column_inner][vc_column_text css=&#8221;.vc_custom_1541670143255{padding-right: 15px !important;padding-left: 15px !important;background-color: #f3f4f0 !important;}&#8221;]Glass is a material formed due to the fusion of silica sand with potash or lye. Even though there is plenty of it, it presents a critical inconvenience: it takes around 5.000 years to disintegrate naturally.<br \/>\nEach glass cm3 produces 155 kg of waste. However, if the glass is generated from recycled material, energy savings are essential since the amount of waste is considerably reduced.<br \/>\n[\/vc_column_text][vc_empty_space height=&#8221;20px&#8221;][vc_single_image image=&#8221;477&#8243; img_size=&#8221;full&#8221; qode_css_animation=&#8221;&#8221;][vc_empty_space][vc_column_text css=&#8221;.vc_custom_1541670277913{padding-right: 15px !important;padding-left: 15px !important;background-color: #f3f4f0 !important;}&#8221;]<strong>1.RESPONSIBLE CONSUMER<\/strong><br \/>\nThe recycling chain starts due to the collaboration of the consumer by leaving glass containers in the green tank.<\/p>\n<hr \/>\n<p><strong>2.COLLECTION<\/strong><br \/>\nGlass waste left in the tanks is collected and transported to the treatment plant.<\/p>\n<hr \/>\n<p><strong>3.TREATMENT PLANT<\/strong><br \/>\nGlass recycling starts with a cleaning process and subsequent separation of undesirable materials such as lids, metallic or adhesive elements included in bottles or containers. Subsequently, glass is smashed into crude particles or cullet that eventually are the raw material that is used to manufacture new containers.<\/p>\n<hr \/>\n<p><strong>4.CONTAINER FACTORY<\/strong><br \/>\nCullet is taken to the glass factory avoiding the extraction of raw materials such as sand, potash and limestone.<\/p>\n<hr \/>\n<p><strong>5.PACKING<\/strong><br \/>\nPacking companies will use the new glass containers to insert the product and subsequently sell the packaged\/ bottled product to shops.<\/p>\n<hr \/>\n<p><strong>6.SALE<\/strong><br \/>\nPacking companies will take the recycled glass product with the product to be sold inside to shops for its subsequent sale.<\/p>\n<hr \/>\n<p>[\/vc_column_text][\/vc_column_inner][\/vc_row_inner][\/vc_column][\/vc_row][vc_row row_type=&#8221;row&#8221; use_row_as_full_screen_section=&#8221;no&#8221; type=&#8221;full_width&#8221; text_align=&#8221;left&#8221; background_animation=&#8221;none&#8221; css_animation=&#8221;&#8221;][vc_column][vc_empty_space height=&#8221;150px&#8221;][\/vc_column][\/vc_row][vc_row row_type=&#8221;row&#8221; use_row_as_full_screen_section=&#8221;no&#8221; type=&#8221;grid&#8221; text_align=&#8221;left&#8221; background_color=&#8221;#ffffff&#8221; background_animation=&#8221;none&#8221; css_animation=&#8221;&#8221; css=&#8221;.vc_custom_1721208021514{padding-top: 50px !important;padding-bottom: 50px !important;}&#8221;][vc_column][vc_single_image image=&#8221;627&#8243; img_size=&#8221;full&#8221; alignment=&#8221;center&#8221; css=&#8221;.vc_custom_1721207941704{padding-bottom: 30px !important;}&#8221; qode_css_animation=&#8221;&#8221;][vc_column_text]<br \/>\nEl proyecto \u201cMejora en la gesti\u00f3n de residuos de vidrio encaminado a conseguir una materia prima para la fabricaci\u00f3n de envases de vidrio blanco que sustituya a la arena de s\u00edlice\u201d es beneficiario de la convocatoria de subvenciones para el impulso de la econom\u00eda circular en la empresa para el a\u00f1o 2022 del Ministerio para la Transici\u00f3n Ecol\u00f3gica y el Reto Demogr\u00e1fico (MITECO) en el marco del Plan de Recuperaci\u00f3n, Transformaci\u00f3n y Resiliencia (PRTR) financiado por la Uni\u00f3n Europea \u2013 NextGenerationEU\u201d.<br \/>\n\u201cLas opiniones y documentaci\u00f3n aportadas en esta publicaci\u00f3n son de exclusiva responsabilidad del autor o autores de los mismos, y no reflejan necesariamente los puntos de vista de las entidades que apoyan econ\u00f3micamente el proyecto\u201d.<br \/>\n[\/vc_column_text][\/vc_column][\/vc_row][vc_row row_type=&#8221;row&#8221; use_row_as_full_screen_section=&#8221;no&#8221; type=&#8221;grid&#8221; text_align=&#8221;left&#8221; background_color=&#8221;#ffffff&#8221; background_animation=&#8221;none&#8221; css_animation=&#8221;&#8221; css=&#8221;.vc_custom_1752153378911{padding-top: 50px !important;padding-bottom: 50px !important;background-color: #F4F6F5 !important;}&#8221;][vc_column][vc_single_image image=&#8221;779&#8243; img_size=&#8221;full&#8221; alignment=&#8221;center&#8221; css=&#8221;.vc_custom_1752153482507{padding-bottom: 30px !important;}&#8221; qode_css_animation=&#8221;&#8221;][vc_column_text]TMA Recicla en su compromiso en la lucha del cambio clim\u00e1tico, la mejora de la sostenibilidad y el desarrollo de un reciclaje mas responsable ha implementado diversas actuaciones para la reducci\u00f3n del consumo de energ\u00eda y de las emisiones asociados a la actividad recicladora. Estas actuaciones han sido beneficiarias de una subvenci\u00f3n en l\u00ednea de Ayudas minimis para la concesi\u00f3n de subvenciones para financiar proyectos de mejora de la eficiencia energ\u00e9tica y econom\u00eda circular a establecimientos recicladores, en el marco del Plan de Recuperaci\u00f3n, Transformaci\u00f3n y Resiliencia, financiado por la Uni\u00f3n Europea Next Generation EU.[\/vc_column_text][\/vc_column][\/vc_row]<\/p>\n<\/div>","protected":false},"excerpt":{"rendered":"<p>[vc_row row_type=&#8221;row&#8221; use_row_as_full_screen_section=&#8221;no&#8221; type=&#8221;full_width&#8221; text_align=&#8221;left&#8221; background_animation=&#8221;none&#8221; css_animation=&#8221;&#8221;][vc_column offset=&#8221;vc_hidden-xs&#8221;][rev_slider_vc alias=&#8221;reciclaje-vidrio-en&#8221;][\/vc_column][\/vc_row][vc_row row_type=&#8221;row&#8221; use_row_as_full_screen_section=&#8221;no&#8221; type=&#8221;full_width&#8221; text_align=&#8221;left&#8221; background_animation=&#8221;none&#8221; css_animation=&#8221;&#8221; css=&#8221;.vc_custom_1537275008773{margin-top: -60px !important;}&#8221;][vc_column offset=&#8221;vc_hidden-lg vc_hidden-md vc_hidden-sm&#8221;][vc_single_image image=&#8221;474&#8243; img_size=&#8221;full&#8221; alignment=&#8221;center&#8221; qode_css_animation=&#8221;&#8221;][\/vc_column][\/vc_row][vc_row row_type=&#8221;row&#8221; use_row_as_full_screen_section=&#8221;no&#8221; type=&#8221;full_width&#8221; text_align=&#8221;left&#8221; background_animation=&#8221;none&#8221; css_animation=&#8221;&#8221;][vc_column offset=&#8221;vc_hidden-md vc_hidden-sm vc_hidden-xs&#8221;][vc_empty_space height=&#8221;50px&#8221;][\/vc_column][\/vc_row][vc_row row_type=&#8221;row&#8221; use_row_as_full_screen_section=&#8221;no&#8221; type=&#8221;grid&#8221; text_align=&#8221;left&#8221; background_animation=&#8221;none&#8221; css_animation=&#8221;&#8221;][vc_column][vc_empty_space height=&#8221;45px&#8221;][vc_column_text css=&#8221;.vc_custom_1541589048926{padding-right: 15px !important;padding-left:&#8230;<\/p>\n","protected":false},"author":1,"featured_media":0,"parent":0,"menu_order":0,"comment_status":"closed","ping_status":"closed","template":"full_width.php","meta":{"footnotes":""},"class_list":["post-814","page","type-page","status-publish","hentry"],"_links":{"self":[{"href":"https:\/\/tmarecicla.com\/en\/wp-json\/wp\/v2\/pages\/814","targetHints":{"allow":["GET"]}}],"collection":[{"href":"https:\/\/tmarecicla.com\/en\/wp-json\/wp\/v2\/pages"}],"about":[{"href":"https:\/\/tmarecicla.com\/en\/wp-json\/wp\/v2\/types\/page"}],"author":[{"embeddable":true,"href":"https:\/\/tmarecicla.com\/en\/wp-json\/wp\/v2\/users\/1"}],"replies":[{"embeddable":true,"href":"https:\/\/tmarecicla.com\/en\/wp-json\/wp\/v2\/comments?post=814"}],"version-history":[{"count":1,"href":"https:\/\/tmarecicla.com\/en\/wp-json\/wp\/v2\/pages\/814\/revisions"}],"predecessor-version":[{"id":815,"href":"https:\/\/tmarecicla.com\/en\/wp-json\/wp\/v2\/pages\/814\/revisions\/815"}],"wp:attachment":[{"href":"https:\/\/tmarecicla.com\/en\/wp-json\/wp\/v2\/media?parent=814"}],"curies":[{"name":"wp","href":"https:\/\/api.w.org\/{rel}","templated":true}]}}

<div class="wpb-content-wrapper"><p>[vc_row row_type=&#8221;row&#8221; use_row_as_full_screen_section=&#8221;no&#8221; type=&#8221;full_width&#8221; text_align=&#8221;left&#8221; background_animation=&#8221;none&#8221; css_animation=&#8221;&#8221;][vc_column offset=&#8221;vc_hidden-xs&#8221;][rev_slider_vc alias=&#8221;reciclaje-vidrio-en&#8221;][/vc_column][/vc_row][vc_row row_type=&#8221;row&#8221; use_row_as_full_screen_section=&#8221;no&#8221; type=&#8221;full_width&#8221; text_align=&#8221;left&#8221; background_animation=&#8221;none&#8221; css_animation=&#8221;&#8221; css=&#8221;.vc_custom_1537275008773{margin-top: -60px !important;}&#8221;][vc_column offset=&#8221;vc_hidden-lg vc_hidden-md vc_hidden-sm&#8221;][vc_single_image image=&#8221;474&#8243; img_size=&#8221;full&#8221; alignment=&#8221;center&#8221; qode_css_animation=&#8221;&#8221;][/vc_column][/vc_row][vc_row row_type=&#8221;row&#8221; use_row_as_full_screen_section=&#8221;no&#8221; type=&#8221;full_width&#8221; text_align=&#8221;left&#8221; background_animation=&#8221;none&#8221; css_animation=&#8221;&#8221;][vc_column offset=&#8221;vc_hidden-md vc_hidden-sm vc_hidden-xs&#8221;][vc_empty_space height=&#8221;50px&#8221;][/vc_column][/vc_row][vc_row row_type=&#8221;row&#8221; use_row_as_full_screen_section=&#8221;no&#8221; type=&#8221;grid&#8221; text_align=&#8221;left&#8221; background_animation=&#8221;none&#8221; css_animation=&#8221;&#8221;][vc_column][vc_empty_space height=&#8221;45px&#8221;][vc_column_text css=&#8221;.vc_custom_1541589048926{padding-right: 15px !important;padding-left: 15px !important;}&#8221;]</p>
<h2>Glass recycling</h2>
<p>···············································[/vc_column_text][/vc_column][/vc_row][vc_row row_type=&#8221;row&#8221; use_row_as_full_screen_section=&#8221;no&#8221; type=&#8221;full_width&#8221; text_align=&#8221;left&#8221; background_animation=&#8221;none&#8221; css_animation=&#8221;&#8221; css=&#8221;.vc_custom_1529767081639{background-color: #f3f4f0 !important;}&#8221;][vc_column][vc_empty_space][vc_row_inner row_type=&#8221;row&#8221; type=&#8221;grid&#8221; use_row_as_full_screen_section_slide=&#8221;no&#8221; text_align=&#8221;left&#8221; css_animation=&#8221;&#8221;][vc_column_inner][vc_column_text css=&#8221;.vc_custom_1541670143255{padding-right: 15px !important;padding-left: 15px !important;background-color: #f3f4f0 !important;}&#8221;]Glass is a material formed due to the fusion of silica sand with potash or lye. Even though there is plenty of it, it presents a critical inconvenience: it takes around 5.000 years to disintegrate naturally.<br />
Each glass cm3 produces 155 kg of waste. However, if the glass is generated from recycled material, energy savings are essential since the amount of waste is considerably reduced.<br />
[/vc_column_text][vc_empty_space height=&#8221;20px&#8221;][vc_single_image image=&#8221;477&#8243; img_size=&#8221;full&#8221; qode_css_animation=&#8221;&#8221;][vc_empty_space][vc_column_text css=&#8221;.vc_custom_1541670277913{padding-right: 15px !important;padding-left: 15px !important;background-color: #f3f4f0 !important;}&#8221;]<strong>1.RESPONSIBLE CONSUMER</strong><br />
The recycling chain starts due to the collaboration of the consumer by leaving glass containers in the green tank.</p>
<hr />
<p><strong>2.COLLECTION</strong><br />
Glass waste left in the tanks is collected and transported to the treatment plant.</p>
<hr />
<p><strong>3.TREATMENT PLANT</strong><br />
Glass recycling starts with a cleaning process and subsequent separation of undesirable materials such as lids, metallic or adhesive elements included in bottles or containers. Subsequently, glass is smashed into crude particles or cullet that eventually are the raw material that is used to manufacture new containers.</p>
<hr />
<p><strong>4.CONTAINER FACTORY</strong><br />
Cullet is taken to the glass factory avoiding the extraction of raw materials such as sand, potash and limestone.</p>
<hr />
<p><strong>5.PACKING</strong><br />
Packing companies will use the new glass containers to insert the product and subsequently sell the packaged/ bottled product to shops.</p>
<hr />
<p><strong>6.SALE</strong><br />
Packing companies will take the recycled glass product with the product to be sold inside to shops for its subsequent sale.</p>
<hr />
<p>[/vc_column_text][/vc_column_inner][/vc_row_inner][/vc_column][/vc_row][vc_row row_type=&#8221;row&#8221; use_row_as_full_screen_section=&#8221;no&#8221; type=&#8221;full_width&#8221; text_align=&#8221;left&#8221; background_animation=&#8221;none&#8221; css_animation=&#8221;&#8221;][vc_column][vc_empty_space height=&#8221;150px&#8221;][/vc_column][/vc_row][vc_row row_type=&#8221;row&#8221; use_row_as_full_screen_section=&#8221;no&#8221; type=&#8221;grid&#8221; text_align=&#8221;left&#8221; background_color=&#8221;#ffffff&#8221; background_animation=&#8221;none&#8221; css_animation=&#8221;&#8221; css=&#8221;.vc_custom_1721208021514{padding-top: 50px !important;padding-bottom: 50px !important;}&#8221;][vc_column][vc_single_image image=&#8221;627&#8243; img_size=&#8221;full&#8221; alignment=&#8221;center&#8221; css=&#8221;.vc_custom_1721207941704{padding-bottom: 30px !important;}&#8221; qode_css_animation=&#8221;&#8221;][vc_column_text]<br />
El proyecto “Mejora en la gestión de residuos de vidrio encaminado a conseguir una materia prima para la fabricación de envases de vidrio blanco que sustituya a la arena de sílice” es beneficiario de la convocatoria de subvenciones para el impulso de la economía circular en la empresa para el año 2022 del Ministerio para la Transición Ecológica y el Reto Demográfico (MITECO) en el marco del Plan de Recuperación, Transformación y Resiliencia (PRTR) financiado por la Unión Europea – NextGenerationEU”.<br />
“Las opiniones y documentación aportadas en esta publicación son de exclusiva responsabilidad del autor o autores de los mismos, y no reflejan necesariamente los puntos de vista de las entidades que apoyan económicamente el proyecto”.<br />
[/vc_column_text][/vc_column][/vc_row][vc_row row_type=&#8221;row&#8221; use_row_as_full_screen_section=&#8221;no&#8221; type=&#8221;grid&#8221; text_align=&#8221;left&#8221; background_color=&#8221;#ffffff&#8221; background_animation=&#8221;none&#8221; css_animation=&#8221;&#8221; css=&#8221;.vc_custom_1752153378911{padding-top: 50px !important;padding-bottom: 50px !important;background-color: #F4F6F5 !important;}&#8221;][vc_column][vc_single_image image=&#8221;779&#8243; img_size=&#8221;full&#8221; alignment=&#8221;center&#8221; css=&#8221;.vc_custom_1752153482507{padding-bottom: 30px !important;}&#8221; qode_css_animation=&#8221;&#8221;][vc_column_text]TMA Recicla en su compromiso en la lucha del cambio climático, la mejora de la sostenibilidad y el desarrollo de un reciclaje mas responsable ha implementado diversas actuaciones para la reducción del consumo de energía y de las emisiones asociados a la actividad recicladora. Estas actuaciones han sido beneficiarias de una subvención en línea de Ayudas minimis para la concesión de subvenciones para financiar proyectos de mejora de la eficiencia energética y economía circular a establecimientos recicladores, en el marco del Plan de Recuperación, Transformación y Resiliencia, financiado por la Unión Europea Next Generation EU.[/vc_column_text][/vc_column][/vc_row]</p>
</div>
